{"id":2058,"date":"2026-01-13T16:17:33","date_gmt":"2026-01-13T15:17:33","guid":{"rendered":"https:\/\/reitundfahrvereinzauberwald.de\/?page_id=2058"},"modified":"2026-04-18T11:19:53","modified_gmt":"2026-04-18T09:19:53","slug":"neuste-beitraege-und-aktuelles","status":"publish","type":"page","link":"https:\/\/reitundfahrvereinzauberwald.de\/?page_id=2058","title":{"rendered":"Neuste Beitr\u00e4ge und Aktuelles"},"content":{"rendered":"\n<div class=\"wp-block-group\"><div class=\"wp-block-group__inner-container\">\n<div class=\"wp-block-query\"><ul class=\"wp-block-post-template\"><li>\n<h2 class=\"wp-block-post-title\">Halloween-Ausfahrt und Kinder-Weihnachtsfeier zum Abschluss des Jahres 2025<\/h2>\n\n<div class=\"wp-block-post-excerpt\"><p class=\"wp-block-post-excerpt__excerpt\">Den Abschluss des Jahres bildete die Halloween-Ausfahrt am 31.10.25 und die Kinder-Weihnachtsfeier des Reit- und Fahrvereins Zauberwald am 22. Dezember 2025. Passend zum Gruselfest kamen einige FahrerInnen des Vereins am Hof Zwirner verkleidet zusammen und starteten eine gro\u00dfe Runde durch den Etelser Wald, nachdem auch die Pferde schaurig gruselig verkleidet wurden. Bei der Kinderweihnachtsfeier wurde [&hellip;] <\/p><\/div>\n\n\n<p><\/p>\n\n<\/li><li>\n<h2 class=\"wp-block-post-title\">Weitere Ferienspa\u00dfaktionen im Vereinssommer 2025<\/h2>\n\n<div class=\"wp-block-post-excerpt\"><p class=\"wp-block-post-excerpt__excerpt\">In den Sommerferien nahm der Reit- und Fahrverein Zauberwald an der Ferienspa\u00df-Aktion der Gemeinde Langwedel teil. An dieser Aktion beteiligten sich 18 Kinder aus der Gemeinde Langwedel. Das Programm bestand aus gef\u00fchrtem Reiten, verschiedenen Spielangeboten, einer Kutschfahrt sowie einem gemeinschaftlichen Grillen. Die Aktion f\u00f6rderte den Austausch zwischen Verein und Gemeinde und sorgte f\u00fcr viele fr\u00f6hliche [&hellip;] <\/p><\/div>\n\n\n<p><\/p>\n\n<\/li><li>\n<h2 class=\"wp-block-post-title\">Fahrkurse f\u00fcr kleine KutscherInnen<\/h2>\n\n<div class=\"wp-block-post-excerpt\"><p class=\"wp-block-post-excerpt__excerpt\">Im weiteren Verlauf des Jahres wurden zwei Fahrkurse f\u00fcr Kinder angeboten. Zun\u00e4chst wurde den Kindern die Theorie der Kutschfahrt in kindgerechter und leicht verst\u00e4ndlicher Sprache vermittelt. Anschlie\u00dfend folgte der praktische Teil, bei dem die Kinder gemeinsam mit unseren Minishettys und Gro\u00dfpferden erste Erfahrungen im Fahren sammeln konnten. Die praktischen Fahrkurse fanden einmal im Juni und [&hellip;] <\/p><\/div>\n\n\n<p><\/p>\n\n<\/li><\/ul><\/div>\n<\/div><\/div>\n","protected":false},"excerpt":{"rendered":"","protected":false},"author":5,"featured_media":0,"parent":0,"menu_order":0,"comment_status":"closed","ping_status":"closed","template":"page-templates\/full-width.php","meta":[],"_links":{"self":[{"href":"https:\/\/reitundfahrvereinzauberwald.de\/index.php?rest_route=\/wp\/v2\/pages\/2058"}],"collection":[{"href":"https:\/\/reitundfahrvereinzauberwald.de\/index.php?rest_route=\/wp\/v2\/pages"}],"about":[{"href":"https:\/\/reitundfahrvereinzauberwald.de\/index.php?rest_route=\/wp\/v2\/types\/page"}],"author":[{"embeddable":true,"href":"https:\/\/reitundfahrvereinzauberwald.de\/index.php?rest_route=\/wp\/v2\/users\/5"}],"replies":[{"embeddable":true,"href":"https:\/\/reitundfahrvereinzauberwald.de\/index.php?rest_route=%2Fwp%2Fv2%2Fcomments&post=2058"}],"version-history":[{"count":2,"href":"https:\/\/reitundfahrvereinzauberwald.de\/index.php?rest_route=\/wp\/v2\/pages\/2058\/revisions"}],"predecessor-version":[{"id":2155,"href":"https:\/\/reitundfahrvereinzauberwald.de\/index.php?rest_route=\/wp\/v2\/pages\/2058\/revisions\/2155"}],"wp:attachment":[{"href":"https:\/\/reitundfahrvereinzauberwald.de\/index.php?rest_route=%2Fwp%2Fv2%2Fmedia&parent=2058"}],"curies":[{"name":"wp","href":"https:\/\/api.w.org\/{rel}","templated":true}]}}